 97005 + 13722 + 52521 = 0. What is the tens digit of n?
9
What is the tens digit of 120726/(-190)*50/(-15)?
1
Suppose -8*d - 50 = -90. Suppose -8*y = -10*y + 8, d*j - 6*y = 8796. What is the units digit of j?
4
Suppose 1124 = 2*p + 16*c - 17*c, 553 = p - 5*c. Let w = 1372 - p. What is the units digit of w?
9
Suppose 77*r - 213310 = 36093. What is the units digit of r?
9
What is the tens digit of 10/((-17)/(-34)*(-4)/(-573))?
6
Let i(m) = -2*m**2 - 39*m + 25. Let t be i(-20). Suppose 0 = -a - 2*g + 30, 5*a - 199 = t*g - 19. Suppose a*d - 240 = 30*d. What is the tens digit of d?
6
Suppose 0 = 2*s - 3*a + 327, 0 = -4*s - 5*a - 90 - 575. Let n = -129 + 37. Let f = n - s. What is the tens digit of f?
7
Let q be 0 - -1 - -1*40. Let c = -111 + q. What is the units digit of (-3 + 3 + c)*18/(-15)?
4
Suppose 205398 = 250*q - 558602. What is the units digit of q?
6
Let q be 0/((3 + -15)/(-4)). Suppose -4*l = -5*s + 35, 5*s + 0*s + 5*l - 35 = q. What is the tens digit of 212/s - (92/28 - 3)?
3
Let s(i) be the first derivative of -645*i**4/4 + i**3/3 + 2*i**2 + 3*i - 1. What is the hundreds digit of s(-1)?
6
Let h(o) = -32*o**2 - 5. Let j be h(-5). Let l = -337 - j. What is the tens digit of l?
6
Let l(p) = -p**2 + 5*p + 4. Let j be l(7). Let c = j + 15. Suppose 3*w = 5*h - 2*h - 60, -3*w + 76 = c*h. What is the tens digit of h?
1
Let z(m) = 1100*m**2 - 57*m + 56. What is the tens digit of z(1)?
9
Let v(t) = 9*t - 54. Let g be v(5). Let s = 434 + g. What is the units digit of s?
5
Let h be (-20)/(-100)*10/6*15. Let p(i) = -79*i - 1. Let s be p(-7). Suppose h*k = 13*k - s. What is the tens digit of k?
6
Suppose 0 = -v - 62 - 109. Let f = v - -461. Let m = f + -203. What is the tens digit of m?
8
Let u(s) = -27*s**3 + 4*s**2 + 4*s + 8. Let j be 36/(-16) + (-4)/80*-5. What is the units digit of u(j)?
2
Suppose 18*x = 5*x. Suppose 12*z - 2056 - 3440 = x. What is the tens digit of z?
5
Suppose 0 = 15*d - 4*d - 187. Suppose 0 = d*c - 18*c + 3. What is the units digit of (1/c)/(11/3729)?
3
Let m = -1651 + 1655. Suppose 5*y - 14 = -g + 9, 4 = y. Suppose u = g, -m*u = -4*h + u + 297. What is the tens digit of h?
7
Let x(k) = -k**3 + 7*k**2 - 7*k + 3. Let s(q) be the first derivative of -q**3/3 + 5*q**2/2 + 11*q - 23. Let d be s(6). What is the tens digit of x(d)?
1
Let o be 7 - (6/3 + -131). Suppose -5*f = 10, 4*z - 5*f - o = 106. What is the units digit of z?
8
Let q = 1571 + -921. Let w = 911 - q. Suppose -w = -5*x - 3*u, 3*x + 5*u - 160 + 13 = 0. What is the units digit of x?
4
Suppose -50*u = -55*u + 6640. Let r = u + -169. What is the tens digit of r?
5
Let v be (20/(-4))/20 - 111/(-12). What is the units digit of (-3)/v - 904/(-3)?
1
Let z = 15161 + 3551. What is the ten thousands digit of z?
1
Suppose -40*p + 5161 = 1401. Let g be 880/9 + 4/18. What is the hundreds digit of 8/(g/p - 1) + -2?
1
Let c(i) be the first derivative of 53*i**2/2 - 4*i + 3. Suppose -a + 2*n = 6, 2*n = -2*a - 0 + 12. What is the units digit of c(a)?
2
Let p(g) = g**3 - 4*g**2 - 4*g - 3. Let t be p(5). Let f be (2*t/(-10))/((-28)/280). Suppose 6*j + o - 222 = f*j, 3*o = 6. What is the units digit of j?
0
What is the tens digit of (-10 + -1)*(-1171 - 42)?
4
Let n(u) = 4*u - 45. Let k(x) = 8*x - 90. Let l(o) = 6*k(o) - 11*n(o). Let r be l(24). Let w = 274 - r. What is the hundreds digit of w?
2
Let c be (3/(-3) - -5) + (15 - 21). What is the units digit of ((-3)/c)/((-9)/(-18)) + 1670?
3
Let z be ((-4)/7)/(42/(-147)). Suppose 0 = z*k + 2*i - 840, -3*k - 3*i = -i - 1255. What is the hundreds digit of k?
4
Let o = -228 - -236. Suppose -4*r = -o, 0*b + 3843 = 3*b - 3*r. What is the units digit of b?
3
Suppose -40*o + 37*o - 9 = 0, -5*f + 56987 = -4*o. What is the hundreds digit of f?
3
What is the ten thousands digit of (25952 - 2/(-1)) + 1*0/16?
2
What is the hundreds digit of (-88)/32 + 1*3 - (-640406)/104?
1
What is the units digit of (-19534)/(-3)*((-9)/(-33))/(30/165)?
7
Let b(u) = u**3 - 6*u**2 + 7*u - 6. Suppose -28 + 3 = -5*o. Let z be b(o). Suppose z*v - 3*v - 53 = 0. What is the units digit of v?
3
Suppose -5*q - 872 = 813. What is the hundreds digit of 48/(-32)*q*2/3?
3
Let f(i) = 89*i + 47. Let q be f(29). Suppose -830*k + 834*k - q = 0. What is the units digit of k?
7
Let g be (-202)/(-8) + (52/(-16))/13. Let m = 34 - g. What is the tens digit of ((-255)/m)/5*-3?
1
Let n(m) = 2*m**2 + 5*m + 35. Let g be n(-8). Suppose g*q = 117*q + 2892. What is the hundreds digit of q?
4
Let l = 75 + -70. Suppose 5 = l*c - 3*j - 247, c - 44 = -j. Let q = c + -16. What is the units digit of q?
2
Suppose -3*y = 4*j - 38502, 16*y - 11*y - 64187 = -j. What is the ten thousands digit of y?
1
Let k = -24 + 29. Suppose 105 = -k*s - 0*s. What is the units digit of s/(-6)*-2*24/(-7)?
4
Let g(m) = 2*m**2 + 2*m + 193. Let k be -5 + (-3)/(9/(-12)) - -2. Let q be (-1)/k*(0 - 0)/4. What is the tens digit of g(q)?
9
Let i be 74/12 + (-4)/24. Suppose 189 = i*k + 759. Let t = k - -222. What is the units digit of t?
7
Suppose -58400 + 475 = -21*b + 128345. What is the units digit of b?
0
Let p be (-56)/(-21)*21/(-1). Suppose -3*n + 0*n = -249. Let d = n + p. What is the tens digit of d?
2
Suppose -10*y + 5*n = -6*y - 12319, -3*n - 33888 = -11*y. What is the thousands digit of y?
3
Suppose -3*a - 22915 = -2*l + 10898, 0 = -4*a - 20. What is the ten thousands digit of l?
1
Let m = -9242 + 14761. What is the tens digit of m?
1
Suppose -50*k + 46*k = -16. Suppose k*l + 11 = -9. Let i(s) = 3*s**2 + 6*s + 2. What is the tens digit of i(l)?
4
What is the hundreds digit of 3233/1 - 2674/191?
2
Suppose 13*t = 3*t + 70. What is the hundreds digit of (174/18 - t)*438/4?
2
Let q(b) = -5*b - 21. Let r be ((-2)/2 + -7 + 8)*-1. Suppose -24 = 3*x - r*x. What is the tens digit of q(x)?
1
Suppose 5*r = 29*o - 30*o + 28375, -5*o = -5*r - 141995. What is the hundreds digit of o?
3
Let b = 18 + -21. Let p = b - -33. Suppose -p - 54 = -f. What is the tens digit of f?
8
Suppose 3*l + 46*k - 43*k = 16701, 0 = -4*l + 5*k + 22223. What is the thousands digit of l?
5
Suppose -2*s = -14671 - 9081. What is the thousands digit of s?
1
Let i(k) = -k + 11. Let j be i(6). Suppose 15*b - 13*b = -240. What is the tens digit of (48/j)/((-18)/b)?
6
Let y = -306 + 1375. Let x = y - 519. What is the units digit of x?
0
Let r = -171 - -81. Let c(l) = l**2 + 21*l - 30. Let v be c(-13). Let k = r - v. What is the tens digit of k?
4
Let a(k) = -k**2 + 24*k - 13. Let z be a(10). Let r = 361 + z. What is the hundreds digit of r?
4
Let z(d) = -2*d**2 + 15*d - 13. Let t be z(6). Suppose 3*q - 348 = -r + q, -t*q + 363 = r. What is the tens digit of r?
3
Let c(i) = -18*i**3 - 5*i**2 + 10*i - 9. What is the hundreds digit of c(-7)?
8
Let w be 90*(33/(-6) - -5). What is the tens digit of -3 - (1427/(-4) + w/(-60))?
5
Let t = -7424 - -22755. What is the thousands digit of t?
5
Suppose -3*i + 7302 = q - 1195, 0 = 4*q + 2*i - 33938. What is the hundreds digit of q?
4
Let k(s) be the second derivative of -s**4/6 + s**3 - 18*s. Let p be k(5). What is the units digit of (-114)/(-4)*p/(-6)?
5
Let a be (12/18)/((-5)/(-30)). Suppose -103 + 391 = a*t. What is the tens digit of t?
7
Let t(h) = -613*h + 1615. What is the hundreds digit of t(-11)?
3
Let q be (25/(-2))/(2/(-84)). Let u(f) = -f**2 - 93*f + 1255. Let x be u(15). Let b = x + q. What is the units digit of b?
0
Suppose -3825 = -4*x + 2247. What is the tens digit of ((-2)/4)/(0 + (-3)/x)?
5
Suppose 1027 = -5*c - 218. Let u = -10 - c. What is the tens digit of u?
3
Let k(l) = 340*l**2 + 155*l - 22. What is the units digit of k(-9)?
3
Suppose 9*u = -5*x + 11*u + 31422, 2*u - 18850 = -3*x. What is the hundreds digit of x?
2
Let a(o) = 58*o**2 + 999*o - 119. What is the ten thousands digit of a(-30)?
2
Let c = -5105 + 2929. Let n = -1328 - c. What is the units digit of n?
8
Suppose 0 = -5*a + 7*a - 42. Suppose a*n - 15121 - 2729 = 0. What is the hundreds digit of n?
8
Let m = -30784 + 45159. What is the hundreds digit of m?
3
Let m = -13 - -28. Suppose 6*a = 45 - m. What is the tens digit of 3 - (-123)/(-4 + a)?
2
Let s(i) = 14*i - 2. Let t be s(4). Suppose -58*d = -t*d. Suppose d = -3*q + 5*q - 62. What is the tens digit of q?
3
Let y = 15079 - 9048. What is the tens digit of y?
3
Let i be 1 + (-3 - -4) - -1. 